bb118
In base 14, what is 1 - -5952b6?
5952b7
In base 10, what is -20199 + -8444?
-28643
In base 16, what is 23a89 - 6?
23a83
In base 13, what is b839 + -675?
b194
In base 14, what is 2 + -8312189?
-8312187
In base 16, what is 2de - 138c6?
-135e8
In base 16, what is -49 - 4908f?
-490d8
In base 13, what is 28a35 + 3?
28a38
In base 5, what is 102124202 - 11?
102124141
In base 8, what is -475625366 - 3?
-475625371
In base 15, what is -cb8 + -81e?
-15d7
In base 10, what is 443117 - 22?
443095
In base 2, what is -1110111101111111100 + 101000?
-1110111101111010100
In base 8, what is 1701316 + 12?
1701330
In base 3, what is 111021 - -202111200?
202222221
In base 7, what is 1236122 - -36?
1236161
In base 4, what is -1003 + -101031013?
-101032022
In base 16, what is -27f7 + -c08?
-33ff
In base 7, what is 43532 - -241460?
315322
In base 5, what is -333 - -103342121?
103341233
In base 3, what is -122012101221210 - 0?
-122012101221210
In base 15, what is -150407e - -6?
-1504078
In base 16, what is 2c37 + -cff?
1f38
In base 14, what is c09a20 - 0?
c09a20
In base 10, what is 23 + 2398748?
2398771
In base 13, what is -23 + -3063bc?
-306412
In base 4, what is 132030 + -1130030?
-332000
In base 5, what is -41412121213 - 32?
-41412121300
In base 10, what is -107724920 - 3?
-107724923
In base 5, what is -3321101 + 20140?
-3300411
In base 5, what is 21101421 - 2000?
21044421
In base 15, what is 2c - 48e62?
-48e35
In base 16, what is fa59 + -34?
fa25
In base 13, what is -6795 + 565?
-6230
In base 11, what is -55911 - 1548?
-57359
In base 2, what is 1011111011100100111101 - -10110001?
1011111011100111101110
In base 3, what is 11101 - 1100200012?
-1100111211
In base 7, what is -2661 + 245642?
242651
In base 10, what is -7438792 + -15?
-7438807
In base 8, what is 125666356 - 21?
125666335
In base 8, what is -1441 - 73204?
-74645
In base 13, what is -2 + -87009b?
-8700a0
In base 9, what is 564 - 180844?
-180270
In base 3, what is 1111112 + 10120000?
12001112
In base 11, what is 1 - 48263468?
-48263467
In base 9, what is 76658 + -821?
75737
In base 10, what is 4 - 2882496?
-2882492
In base 2, what is 10 - -10000101110101001111001000?
10000101110101001111001010
In base 6, what is 22444 + -4255?
14145
In base 12, what is -50a + 6794?
6286
In base 11, what is -1152595 - a?
-11525a4
In base 15, what is 2 - 95d5a51?
-95d5a4e
In base 8, what is 6060 + 13671?
21751
In base 8, what is 5117 - -22343?
27462
In base 3, what is 102121 - -2021012111020?
2021012220211
In base 2, what is 11001110 - -1010100101101101?
1010101000111011
In base 7, what is -10543 + 5406?
-2134
In base 10, what is 10 + 49142015?
49142025
In base 4, what is 1232 + -3023220011?
-3023212113
In base 11, what is -35 + -157519aa?
-15751a34
In base 11, what is -4a8121 + 3?
-4a8119
In base 6, what is 1352535 + 43?
1353022
In base 4, what is -22 - 223320101210?
-223320101232
In base 5, what is 34 + 12421000302?
12421000341
In base 15, what is -9ed + dd?
-910
In base 15, what is 145 + -5e613?
-5e4bd
In base 14, what is -59 - -97a242?
97a1c7
In base 5, what is 324342123013 + 1?
324342123014
In base 3, what is -202020202 + -11022?
-202102001
In base 16, what is 50f52 + -1?
50f51
In base 5, what is -1310004 + 314100?
-440404
In base 6, what is -13321451 + 23?
-13321424
In base 11, what is 246008 - 8?
246000
In base 13, what is -1 - b2644b?
-b2644c
In base 5, what is -104041231000 - 1?
-104041231001
In base 5, what is 2300040 + -4131?
2240404
In base 2, what is -1010011011110100011100101 + 100?
-1010011011110100011100001
In base 2, what is 10010001011010010000101 - 11?
10010001011010010000010
In base 16, what is -3dd + 1b82?
17a5
In base 2, what is -101001101 + -100000010000001?
-100000111001110
In base 10, what is 1499592 + -21?
1499571
In base 8, what is 105045662 - 3?
105045657
In base 13, what is 86 + 691a95?
691b4b
In base 10, what is 4 + 11094379?
11094383
In base 15, what is -967d - 47?
-96c5
In base 15, what is 18 + 4a049?
4a062
In base 14, what is 2313802 - 3?
23137dd
In base 3, what is 210112000012021 - 1010?
210112000011011
In base 7, what is 54522 - -31?
54553
In base 16, what is -12 - -e1d5b?
e1d49
In base 6, what is -32530241330 - -5?
-32530241321
In base 3, what is 10020100 - -1001212?
11022012
In base 2, what is 101011111010010010111010 + 0?
101011111010010010111010
In base 9, what is 5582 - 624?
4857
In base 8, what is -16636 - 326?
-17164
In base 12, what is -13 - 224767?
-22477a
In base 2, what is -101 + 1100110011101010111110101?
1100110011101010111110000
In base 16, what is 2c4264 + -a?
2c425a
In base 16, what is ab9e1 + 3?
ab9e4
In base 8, what is -4 - 106614112?
-106614116
In base 9, what is -211326216 + 8?
-211326207
In base 6, what is 521240 + 5101?
530341
In base 14, what is -3332b + -501?
-3382c
In base 4, what is -2002123 - -3130?
-1332333
In base 5, what is -10102210 + -113334?
-10221044
In base 15, what is -c + -490ae76?
-490ae83
In base 10, what is 27 - 1243985?
-1243958
In base 7, what is 5 - 322601601?
-322601563
In base 5, what is 12044244114 - 4?
12044244110
In base 7, what is -36354 + -223302?
-262656
In base 5, what is -1411224242 + -3?
-1411224300
In base 7, what is -3 - -302052542?
302052536
In base 9, what is -2 + 2810410?
2810407
In base 13, what is 612 + -44b4?
-3ba2
In base 8, what is 10 + 53224410?
53224420
In base 9, what is 5 + 51127334?
51127340
In base 7, what is 1532 + 1111?
2643
In base 9, what is -2466 + -1471?
-4047
In base 13, what is 113c7 + 111c?
12516
In base 4, what is 2102 + 231102022130?
231102030232
In base 7, what is -321103 - 405?
-321511
In base 13, what is -4 - 15a5c66?
-15a5c6a
In base 7, what is 5 + 242351510?
242351515
In base 8, what is 17756340 + -4?
17756334
In base 6, what is -141535521 + -10?
-141535531
In base 9, what is 7 - 48506625?
-48506617
In base 4, what is -1003102 + 10001310?
2332202
In base 4, what is 22123 - 1120112?
-1031323
In base 4, what is 21002 + 223112302?
223133310
In base 8, what is 2 + 60477705?
60477707
In base 14, what is -666 - -3a43?
33bb
In base 13, what is -2480343 + 46?
-24802ca
In base 16, what is 74d8ac - 3?
74d8a9
In base 14, what is 46 + -d86?
-d40
In base 8, what is -547751 + 14126?
-533623
In base 6, what is 3 + -110202032?
-110202025
In base 2, what is 101001101011 - 11110010001110?
-11001000100011
In base 15, what is 72 + b2b54?
b2bc6
In base 4, what is 1103333 - -3321313?
11031312
In base 11, what is -20017 - 368?
-20384
In base 2, what is -10 + -110101110100001110101011?
-110101110100001110101101
In base 7, what is 122216053 + 4?
122216060
In base 16, what is -1 - 921b10?
-921b11
In base 15, what is -b446cb - 13?
-b446de
In base 14, what is a5028 - 2?
a5026
In base 2, what is -100011010100001110 + 11100000010?
-100010111000001100
In base 11, what is -116a + -29867?
-2aa26
In base 14, what is -33462 - 18?
-3347a
In base 3, what is 201110122 + 12110?
201200002
In base 12, what is 115b + -6327?
-5188
In base 15, what is 7 + -5e12acc?
-5e12ac5
In base 6, what is 4 + -42245300?
-42245252
In base 6, what is 10301 + -212342?
-202041
In base 12, what is b8a - -1678?
2646
In base 11, what is -42 + 2441a0?
244159
In base 14, what is 71676d2 + 1?
71676d3
In base 10, what is -49739 + -14384?
-64123
In base 15, what is 2 - -3112de6?
3112de8
In base 8, what is 23443557 - 141?
23443416
In base 9, what is -1 + 65283283?
65283282
In base 2, what is 10111010001101010 - -101010010?
10111010110111100
In base 6, what is 5 - 43220113151?
-43220113142
In base 9, what is -1 + -7680208?
-7680210
In base 3, what is 111222202001022 - 1?
111222202001021
In base 3, what is 201200222001 + 2001002?
201210000010
In base 15, what is -14 + -2dc36?
-2dc4a
In base 3, what is 202001000 + 12121?
202020121
In base 8, what is -735433 + -355?
-736010
In base 7, what is 4 - 413555?
-413551
In base 6, what is -11 - -15321544?
15321533
In base 13, what is 1856a79 - a?
1856a6c
In base 13, what is -18a0874 + -17?
-18a088b
In base 11, what is 0 + -422792?
-422792
In base 10, what is 599 - -498353?
498952
In base 11, what is 14 + -468a99?
-468a85
In base 10, what is -15 - 21785427?
-21785442
In base 4, what is 1030013033 - -2232?
1030021331
In base 14, what is 97c279 - -3?
97c27c
In base 11, what is -1a092 - 92?
-1a174
In base 5, what is -142000 - 10114